36
Let a be 8 + (-2 - (-1)/(-1)). Suppose q + a = 2, 5*q = -2*l + 17. What is the remainder when 46 is divided by l?
14
Let j(k) = 2*k + 18. Calculate the remainder when j(15) is divided by 26.
22
Let x = -6 + 28. Let d = -20 + 5. Let b = 23 + d. Calculate the remainder when x is divided by b.
6
Let a = 15 + -10. Suppose -l + 163 = a*c, 4*c - 3*l - 134 = -2*l. Suppose 4*d - 44 = -4*s, 4*d - s - 40 = -3*s. What is the remainder when c is divided by d?
6
Suppose 639 = 10*z - 341. What is the remainder when z is divided by 15?
8
Suppose 3*t + 25 = 5*s + t, -5*s = t - 40. Calculate the remainder when s is divided by 5.
2
Let x = 87 - 49. Let m(v) = -v + v**2 + 4*v + 5 - v. Calculate the remainder when x is divided by m(-4).
12
Let g = 62 + -56. Suppose k = -k + 30. What is the remainder when k is divided by g?
3
Let z(m) = -m**3 + 7*m**2 + 8*m + 2. Let l be 1/((-3)/(-2) + -1). Let j be (0 + 1)*14/l. What is the remainder when z(j) is divided by 15?
13
Let i(c) = -c**2 - 16*c + 21. Let s be i(-16). Calculate the remainder when 27 is divided by 6/s - (-96)/7.
13
Let i(g) = 4*g**2 - g + 6. Let q(p) = p**2 - p + 1. Let c(x) = -i(x) + 5*q(x). What is the remainder when c(-3) is divided by 7?
6
Let z = 2 - 2. Let r(h) be the second derivative of -h**3/6 + 7*h**2/2 - h. What is the remainder when 20 is divided by r(z)?
6
Calculate the remainder when 77 is divided by (-6)/2*75/(-9).
2
Suppose 0 = 4*n - 65 - 139. Calculate the remainder when n is divided by 6.
3
Let g(y) = y - 1. Let d be g(5). Let n = d + -5. Let w = n + 13. What is the remainder when w is divided by 7?
5
Let f(w) = 19*w**2 - w. What is the remainder when f(1) is divided by 7?
4
Suppose u = -2*u + 4*t + 28, -33 = -4*u + t. Suppose 2*q - 395 = -3*q. Suppose -9 = 5*g - q. Calculate the remainder when g is divided by u.
6
What is the remainder when 34 is divided by (4 - 6 - -18) + -4?
10
Suppose 5*n - 5 - 20 = 0, 2*g - 5*n = -17. Let r = g - 1. Suppose -6*k + r*k + 51 = 0. Calculate the remainder when 33 is divided by k.
16
Let l(a) = -a**3 + 8*a**2 - 5*a - 8. What is the remainder when 15 is divided by l(7)?
3
Suppose -h - h = -2*g, -h = 2*g + 9. Let i(z) = -3*z - 1 + 3 - 3*z. What is the remainder when i(g) is divided by 11?
9
Let n(c) be the first derivative of 3*c**2/2 - 3*c - 5. Suppose 2*z - 4 = 0, -3*z + 7*z = -3*y + 17. Calculate the remainder when 10 is divided by n(y).
4
Let q = 27 + -3. Suppose 0*p = 4*p - 52. What is the remainder when q is divided by p?
11
Suppose -19*b + 18*b + 13 = 0. What is the remainder when 165 is divided by b?
9
What is the remainder when 19/57 + 52/6 is divided by 4?
1
Let d = 9 - 6. Suppose -2*w - u - 61 = -7*w, -2*u - 44 = -4*w. Calculate the remainder when ((-4)/d)/(2/(-36)) is divided by w.
11
Let p(g) = g**3 + 9*g**2 - g - 3. Let c be p(-9). Suppose 2*i + 2 = c. Let l(m) = 2*m - 1. Calculate the remainder when l(i) is divided by 2.
1
Let v be (-2)/4*212/(-2). Suppose -3*y - v = -248. Calculate the remainder when y is divided by 22.
21
Suppose 5*s - 71 = 10*c - 8*c, c = 5*s - 68. Calculate the remainder when 116 is divided by s.
12
Calculate the remainder when 54 is divided by ((-1)/(-3))/(10/840) - 0.
26
Suppose 3*m + 258 = 3*t, 0 = 2*t + m - 95 - 89. What is the remainder when t is divided by 23?
21
Suppose s = 3 + 2. Suppose 0 = s*w + 5*y - 70, -4*w - y = y - 54. Calculate the remainder when 50 is divided by w.
11
Suppose q = 2*n - 25, -3*n + 2*q + 27 + 11 = 0. Suppose 11*k + 27 = n*k. What is the remainder when 52 is divided by k?
25
Let w(o) = -o + 2. Let r be w(0). Suppose 2*u - r - 20 = 0. Let t = -5 + 37. What is the remainder when t is divided by u?
10
Let x = 5 + -1. Suppose -c + 15 = -x. What is the remainder when c is divided by 10?
9
Let g(w) = -w**3 + 5*w**2 + 15*w + 3. What is the remainder when 37 is divided by g(7)?
7
Suppose 19 = 2*s + y - 3, -5*s = -3*y - 33. Calculate the remainder when 87 is divided by s.
6
Suppose x = 3*x - 8. Suppose 5*p = -5*s + 125, -4 = 4*p + x. Calculate the remainder when s is divided by 10.
7
Let g be (-2 - 7)/(3/2). Let y = 60 - g. What is the remainder when 21 is divided by y/(-4)*(-4)/6?
10
Suppose -3*o + 0*o + 15 = 4*t, 4*t + 4*o - 20 = 0. Let g(l) = -l + 16. What is the remainder when 30 is divided by g(t)?
14
Suppose -4*j = -5*j + 29. What is the remainder when j is divided by 8?
5
Let f be -21 + 2 - (1 + -1). Let p = f + 34. Calculate the remainder when 27 is divided by p.
12
Suppose 696 = 4*w + 216. What is the remainder when w is divided by 42?
36
Suppose 7*z = 4*z - 4*c + 128, c = 5. Calculate the remainder when z is divided by 10.
6
Let h(s) = 6*s + 3. Let v be h(-3). Let n = v + 27. Calculate the remainder when n is divided by 4.
0
Suppose 0 = 3*o + 9, 0*d + d + o - 20 = 0. What is the remainder when d is divided by 5?
3
Let g(y) = y**3 - y**2 - 18*y + 8. Calculate the remainder when g(5) is divided by 4.
2
Let h be (2 - 0)/2 + 30. Suppose 0 = 4*s - 3*s - h. Calculate the remainder when s is divided by 16.
15
Calculate the remainder when 25 is divided by (-8)/(-6)*(-483)/(-46).
11
Suppose 2*f + 2 = 2*s, 9*s = 8*s + 5. Calculate the remainder when f is divided by 4.
0
Let r(b) = -8 + 2*b - 1 - 7*b. What is the remainder when r(-6) is divided by (84/(-7))/(2/(-1))?
3
Calculate the remainder when ((-48)/(-15))/(0 - 4/(-30)) is divided by 10.
4
Let j = -65 + 111. What is the remainder when j is divided by 17?
12
Calculate the remainder when 2/12 + (-985)/(-30) is divided by 17.
16
Suppose 2*b = b - 5*m - 21, 4*b - 21 = m. Suppose -4*j + y = -61, -y - 3*y = b*j - 36. What is the remainder when 39 is divided by j?
11
Suppose 3*q - 18 = 3. Let o = q + -2. What is the remainder when 13 is divided by o?
3
Let x = 74 + -56. What is the remainder when 53 is divided by x?
17
Suppose -5*z + 2*s + 105 = 0, -3*s + 35 + 49 = 4*z. What is the remainder when 40 is divided by z?
19
Let f = 16 - 13. Calculate the remainder when 38 is divided by (-5)/4*(f + -11).
8
Suppose 0*r + 72 = 3*r. Calculate the remainder when 119 is divided by r.
23
Suppose 3*d - 13 = d - x, -2*d + 4*x + 38 = 0. Let s = -1 + 1. What is the remainder when d is divided by 5 - s/(2/(-1))?
4
Let l be (-13)/(-5) + (-6)/10. Suppose j = 3*d + 52, 7*j - l*j + 5*d - 200 = 0. What is the remainder when j is divided by 11?
10
Let s be 1*4 - 9/3. What is the remainder when 47 is divided by (s/(-2))/(3/(-96))?
15
Suppose 0 = 7*s - 6*s - 38. Calculate the remainder when s is divided by 10.
8
Let v = -38 + 41. What is the remainder when v is divided by 2?
1
Let w = 33 - 10. Suppose 4*d + 26 = 3*d. Let b = d + 39. Calculate the remainder when w is divided by b.
10
Suppose n - 8 = 2*n + c, n - 2*c = 1. What is the remainder when 26 is divided by (-2)/n + (-204)/(-15)?
12
Let t(j) = -2 - 4*j + 4*j - j. Let a be t(-2). Calculate the remainder when 1/(-1) + (65 - a) is divided by 22.
20
Suppose -3*u + 60 = -u. Suppose -2*n = -4*n + u. Calculate the remainder when 49 is divided by n + (-2 + 4)*1.
15
Let y be (3 + 0)*4/3. Let f = y + -2. What is the remainder when 6 is divided by f/(-5) + 22/5?
2
What is the remainder when 110 is divided by 4 + 324/(-78) + (-368)/(-26)?
12
Suppose 5*o - 24 = -o. What is the remainder when 9 is divided by o?
1
Calculate the remainder when (-3 + -59 + -3)/(-1) is divided by 14.
9
Let n(h) = h**2 - h. Let v be n(2). Suppose v*y + 5 = i - 5, 4*y + 10 = -3*i. What is the remainder when 9 - 3 - (-2)/(-2) is divided by i?
1
Let l(s) = s**3 - 13*s**2 + 27*s - 9. Calculate the remainder when l(11) is divided by 17.
12
Let g be 33/(-5) + 12/20. What is the remainder when 60 is divided by 7/((2 + -4)/g)?
18
Suppose 3*o + 1 + 8 = 0. Let f(h) = -10*h + 3. Calculate the remainder when f(o) is divided by 12.
9
Suppose 0 = 2*m - 5 - 23. What is the remainder when m is divided by 11?
3
Suppose -36 = -s + 69. What is the remainder when (3 + -1)*s/10 is divided by 12?
9
Let x = 13 - -26. What is the remainder when x is divided by 14?
11
Let w be 1/(2 + (-10)/6). Suppose -21 = -w*p - 6. Calculate the remainder when p is divided by 4.
1
Suppose k - 3*k - 4 = 0, -3*r + 842 = -k. Calculate the remainder when 34 - (-1)/(-2)*-2 is divided by r/32 - 1/(-4).
8
Let y = 0 + 2. What is the remainder when 29 is divided by ((-70)/14)/((-1)/y)?
9
Let y(g)